 the remainder when 22667525 is divided by 729.
728
Calculate the remainder when 578547435 is divided by 755.
750
Calculate the remainder when 16656529 is divided by 18.
13
Calculate the remainder when 120738 is divided by 597.
144
What is the remainder when 416555 is divided by 267?
35
What is the remainder when 23325454 is divided by 25548?
130
What is the remainder when 77730 is divided by 38510?
710
What is the remainder when 20821824 is divided by 136?
88
Calculate the remainder when 907604 is divided by 2500.
104
What is the remainder when 24822 is divided by 24653?
169
What is the remainder when 82717840 is divided by 242?
62
What is the remainder when 17217 is divided by 901?
98
Calculate the remainder when 754240 is divided by 458.
372
What is the remainder when 60686118 is divided by 131?
106
Calculate the remainder when 1720967 is divided by 672.
647
Calculate the remainder when 1313631 is divided by 14.
11
What is the remainder when 1522481 is divided by 8054?
275
Calculate the remainder when 511233 is divided by 255614.
5
What is the remainder when 47218 is divided by 1625?
93
Calculate the remainder when 15266103 is divided by 1090427.
125
Calculate the remainder when 1187239 is divided by 169466.
977
What is the remainder when 14121592 is divided by 28?
16
What is the remainder when 617392 is divided by 15058?
14
Calculate the remainder when 449776 is divided by 2337.
1072
What is the remainder when 4504794 is divided by 150?
144
What is the remainder when 445968 is divided by 396?
72
Calculate the remainder when 367035 is divided by 2706.
1725
What is the remainder when 14693248 is divided by 4897744?
16
What is the remainder when 477251 is divided by 8228?
27
Calculate the remainder when 25917 is divided by 4237.
495
Calculate the remainder when 49825 is divided by 1915.
35
Calculate the remainder when 2346892 is divided by 37853.
6
Calculate the remainder when 2600 is divided by 517.
15
What is the remainder when 324978 is divided by 12997?
53
What is the remainder when 56221 is divided by 7022?
45
What is the remainder when 2533517 is divided by 2739?
2681
What is the remainder when 549561 is divided by 18?
3
What is the remainder when 274874 is divided by 68714?
18
Calculate the remainder when 13600398 is divided by 220.
218
What is the remainder when 496038777 is divided by 311?
308
Calculate the remainder when 5606740 is divided by 22.
18
What is the remainder when 4239029 is divided by 58?
41
What is the remainder when 2742220 is divided by 47?
5
What is the remainder when 1420358 is divided by 61750?
108
What is the remainder when 115426 is divided by 111100?
4326
Calculate the remainder when 25187890 is divided by 8395941.
67
What is the remainder when 4548 is divided by 314?
152
What is the remainder when 857634 is divided by 1794?
102
What is the remainder when 260624 is divided by 4017?
3536
What is the remainder when 120547569 is divided by 174?
21
Calculate the remainder when 12445 is divided by 259.
13
Calculate the remainder when 10981330 is divided by 454.
432
What is the remainder when 7316207 is divided by 2054?
1913
Calculate the remainder when 313409 is divided by 2635.
2479
What is the remainder when 133278 is divided by 6?
0
Calculate the remainder when 62481889 is divided by 23.
20
Calculate the remainder when 105273 is divided by 333.
45
What is the remainder when 4006910 is divided by 1335636?
2
What is the remainder when 1576167 is divided by 1346?
1
Calculate the remainder when 150539 is divided by 1421.
1334
Calculate the remainder when 271517625 is divided by 200382.
15
What is the remainder when 2037678 is divided by 291096?
6
What is the remainder when 92330 is divided by 22624?
1834
Calculate the remainder when 695176 is divided by 4776.
2656
Calculate the remainder when 421334 is divided by 658.
214
What is the remainder when 108888 is divided by 7772?
80
Calculate the remainder when 244491 is divided by 24446.
31
What is the remainder when 234825937 is divided by 1369?
1367
Calculate the remainder when 17415439 is divided by 80.
79
What is the remainder when 4807657 is divided by 400635?
37
What is the remainder when 13630063 is divided by 293?
289
What is the remainder when 1778093 is divided by 592694?
11
What is the remainder when 99381522 is divided by 68?
66
What is the remainder when 1434810 is divided by 2604?
6
Calculate the remainder when 8255041 is divided by 458613.
7
Calculate the remainder when 425185 is divided by 3600.
385
What is the remainder when 59501733 is divided by 348?
345
Calculate the remainder when 66948878 is divided by 3454.
3450
What is the remainder when 17918191 is divided by 946?
5
What is the remainder when 83477 is divided by 9272?
29
Calculate the remainder when 44460 is divided by 493.
90
What is the remainder when 330899192 is divided by 159?
158
Calculate the remainder when 38307 is divided by 38283.
24
Calculate the remainder when 20710370 is divided by 16865.
150
What is the remainder when 1209633 is divided by 5679?
6
What is the remainder when 239947 is divided by 47931?
292
What is the remainder when 51586 is divided by 4258?
490
What is the remainder when 5020 is divided by 4118?
902
Calculate the remainder when 39243 is divided by 9565.
983
What is the remainder when 44079607 is divided by 10379?
10373
Calculate the remainder when 15899 is divided by 7942.
15
Calculate the remainder when 124318890 is divided by 615440.
10
Calculate the remainder when 847336 is divided by 1259.
29
Calculate the remainder when 2398058 is divided by 43.
34
What is the remainder when 674562 is divided by 2895?
27
Calculate the remainder when 308586 is divided by 1293.
852
Calculate the remainder when 150915 is divided by 44.
39
Calculate the remainder when 430410 is divided by 1975.
1835
Calculate the remainder when 156385 is divided by 25982.
493
Calculate the remainder when 28574783 is divided by 63.
62
What is the remainder when 41761068 is divided by 1017?
1014
What is the remainder when 285981 is divided by 46734?
5577
Calculate the remainder when 3473227 is divided by 20922.
175
What is the remainder when 55592213 is divided by 5052?
5
What is the remainder when 133146 is divided by 66535?
76
Calculate the remainder when 58081025 is divided by 1058.
1057
What is the remainder when 148758 is divided by 597?
105
Calculate the remainder when 29031852 is divided by 47.
46
Calculate the remainder when 48427688 is divided by 51.
26
Calculate the remainder when 1381028 is divided by 581.
572
Calculate the remainder when 5892631 is divided by 657.
655
What is the remainder when 2181686128 is divided by 9630?
9628
Calculate the remainder when 109204317 is divided by 656.
653
What is the remainder when 147531275 is divided by 5549?
12
Calculate the remainder when 10605072 is divided by 6305.
62
Calculate the remainder when 2551578 is divided by 981.
978
What is the remainder when 1786 is divided by 525?
211
What is the remainder when 1592341 is divided by 1592233?
108
What is the remainder when 523409 is divided by 407?
7
Calculate the remainder when 17109667 is divided by 4277392.
99
What is the remainder when 6305458 is divided by 267?
253
Calculate the remainder when 10259619 is divided by 1102.
1101
What is the remainder when 10676745 is divided by 128?
9
What is the remainder when 637227 is divided by 1995?
822
Calculate the remainder when 276648 is divided by 728.
8
Calculate the remainder when 164703 is divided by 1058.
713
What is the remainder when 97656 is divided by 1088?
824
What is the remainder when 559569 is divided by 656?
1
Calculate the remainder when 28834311 is divided by 13.
12
What is the remainder when 206316697 is divided by 557?
555
What is the remainder when 49145 is divided by 21272?
6601
What is the remainder when 1886074 is divided by 208?
138
What is the remainder when 26566666 is divided by 36?
34
Calculate the remainder when 20085121 is divided by 3.
1
Calculate the remainder when 139350859 is divided by 81.
79
Calculate the remainder when 1152954 is divided by 143910.
1674
Calculate the remainder when 23196 is divided by 1916.
204
What is the remainder when 16384514 is divided by 2088?
2066
What is the remainder when 26701 is divided by